of 5463 and 6933761?
607
What is the highest common factor of 38 and 637718?
2
What is the greatest common divisor of 1226430 and 165?
15
What is the highest common divisor of 16 and 183129232?
16
Calculate the highest common factor of 1910 and 6414810.
10
What is the greatest common factor of 25011 and 611727375?
8337
What is the highest common factor of 127804 and 435388?
356
Calculate the highest common factor of 8964 and 88311087.
2241
What is the highest common divisor of 561665 and 89830?
65
What is the greatest common divisor of 54111 and 52037?
17
Calculate the greatest common factor of 41800 and 5150.
50
Calculate the highest common factor of 148 and 18052374.
74
What is the greatest common divisor of 39 and 456432288?
39
Calculate the highest common factor of 144 and 39533784.
24
What is the greatest common factor of 2944 and 37990112?
736
What is the highest common divisor of 36113 and 52198762?
5159
Calculate the highest common divisor of 423543255 and 1665.
555
What is the greatest common divisor of 32 and 79297312?
32
Calculate the highest common factor of 6255 and 10440985.
695
Calculate the highest common divisor of 135554019 and 106.
53
What is the greatest common factor of 6244 and 295444226?
3122
What is the greatest common divisor of 1186 and 7280261?
593
Calculate the greatest common factor of 180139997 and 607.
607
Calculate the greatest common divisor of 474408 and 40059.
9
What is the greatest common factor of 244981155 and 15?
15
Calculate the highest common factor of 51965 and 1060105.
95
What is the greatest common divisor of 1419 and 485341?
43
Calculate the greatest common divisor of 66013 and 2789363.
251
What is the highest common factor of 6592 and 284776?
8
What is the greatest common factor of 164016 and 1488384?
2448
What is the greatest common divisor of 1447140 and 365790?
2670
What is the greatest common divisor of 8023095 and 106110?
5895
Calculate the greatest common factor of 17531894 and 11728.
1466
What is the greatest common divisor of 10399780 and 60?
20
Calculate the greatest common divisor of 38556 and 20.
4
Calculate the greatest common factor of 1 and 78167809.
1
What is the highest common factor of 162 and 98188119?
81
Calculate the highest common divisor of 4125506 and 510059.
979
Calculate the greatest common divisor of 25249116 and 4.
4
What is the greatest common divisor of 6007236 and 84?
12
Calculate the highest common divisor of 6785334 and 36.
18
What is the highest common divisor of 21 and 2827678?
7
Calculate the greatest common divisor of 74285 and 87710.
895
What is the highest common factor of 41526978 and 19848?
4962
What is the greatest common factor of 2019760 and 20320?
80
Calculate the greatest common divisor of 553354 and 4718.
674
Calculate the highest common divisor of 62100 and 6630.
30
Calculate the greatest common factor of 3082 and 648359.
67
What is the highest common factor of 184 and 903168?
8
What is the highest common factor of 45162 and 78057306?
3474
Calculate the greatest common factor of 15566800 and 70400.
400
Calculate the greatest common factor of 18089280 and 2520.
360
Calculate the highest common divisor of 7 and 87731161.
7
Calculate the greatest common divisor of 40 and 1064390.
10
Calculate the greatest common divisor of 3621 and 3136425.
213
Calculate the highest common factor of 7294211 and 1.
1
Calculate the greatest common factor of 2095696410 and 620.
310
What is the greatest common factor of 6 and 137876217?
3
Calculate the greatest common factor of 70164457 and 51.
17
What is the greatest common divisor of 410330234 and 321?
107
Calculate the highest common divisor of 8645112 and 10644.
12
Calculate the greatest common factor of 5661 and 255078.
333
Calculate the highest common divisor of 7458 and 540746019.
3729
Calculate the highest common divisor of 6637103 and 3531.
1177
Calculate the greatest common factor of 587608 and 5243.
49
What is the greatest common factor of 1880 and 2091688?
376
What is the greatest common factor of 1512 and 367184286?
378
What is the highest common factor of 4506 and 5964442?
1502
What is the greatest common divisor of 34712 and 109064?
8
What is the greatest common divisor of 32542340 and 60?
20
Calculate the highest common divisor of 73691044 and 1596.
532
What is the highest common divisor of 1856 and 1175892?
116
Calculate the greatest common divisor of 45682 and 358910422.
6526
Calculate the greatest common factor of 12182416 and 28.
4
What is the greatest common divisor of 6403 and 647311?
19
What is the greatest common divisor of 52785 and 250240?
1955
What is the greatest common divisor of 3149417 and 32416?
1013
Calculate the greatest common divisor of 182351721 and 38.
19
Calculate the greatest common factor of 9522334 and 556.
278
What is the greatest common factor of 1762160640 and 129?
129
What is the highest common factor of 6636 and 179088?
84
Calculate the greatest common factor of 1798852 and 8052.
44
What is the greatest common factor of 559881 and 6426?
63
Calculate the greatest common divisor of 226 and 237010946.
226
What is the highest common divisor of 3749 and 6592372?
163
What is the greatest common factor of 42 and 5749863?
21
Calculate the highest common divisor of 4306 and 128053981.
2153
Calculate the greatest common factor of 141964382 and 3094.
238
Calculate the greatest common divisor of 13896 and 6421689.
1737
Calculate the highest common factor of 1573 and 125291386.
121
What is the highest common factor of 10771884 and 252?
36
Calculate the greatest common factor of 6365 and 2380985.
95
Calculate the highest common factor of 5013445 and 485.
485
What is the highest common divisor of 5820 and 129675420?
5820
Calculate the highest common factor of 306267844 and 86.
86
What is the highest common divisor of 2620502388 and 108?
108
What is the greatest common divisor of 21826 and 310562?
14
What is the highest common divisor of 153173247 and 153?
51
What is the greatest common factor of 31325 and 5470598?
1253
What is the greatest common factor of 6802600 and 32770?
1130
Calculate the highest common divisor of 13098191 and 2253.
751
Calculate the greatest common factor of 42386225 and 25.
25
What is the greatest common divisor of 7221248 and 417616?
688
Calculate the highest common factor of 1812657 and 1596.
399
What is the highest common factor of 223 and 149491395?
223
Calculate the greatest common factor of 9483352 and 72.
8
What is the highest common factor of 486706804 and 22712?
11356
What is the highest common divisor of 300863 and 14224?
127
What is the highest common divisor of 15058062 and 810?
162
Calculate the highest common divisor of 53923031 and 34.
17
Calculate the highest common factor of 2448666 and 162846.
1494
What is the highest common factor of 1805946 and 5457?
321
Calculate the highest common divisor of 11492448 and 139392.
1056
What is the highest common factor of 15912 and 4194648?
1224
Calculate the greatest common factor of 348 and 62456952.
348
What is the greatest common divisor of 4959441 and 405?
27
Calculate the highest common divisor of 1445801852 and 44.
44
Calculate the highest common divisor of 58597 and 117955.
761
Calculate the highest common factor of 7704 and 3105072.
72
Calculate the greatest common factor of 5772 and 205244.
52
What is the highest common factor of 25 and 28125800?
25
Calculate the highest common divisor of 29992 and 54878.
46
What is the greatest common divisor of 1945470285 and 8514?
4257
What is the greatest common factor of 67 and 55662461?
67
What is the greatest common divisor of 19587652 and 196?
196
Calculate the greatest common divisor of 31208 and 18613248.
664
Calculate the highest common factor of 10 and 556437745.
5
What is the highest common divisor of 79794 and 5999058?
7254
Calculate the greatest common divisor of 23001 and 17509371.
561
Calculate the highest common factor of 32 and 2792088.
8
What is the highest common factor of 2390180 and 106195?
1585
What is the highest common divisor of 224121524 and 1484?
212
What is the highest common divisor of 3126 and 28751385?
1563
Calculate the highest common divisor of 26554 and 137132098.
2414
Calculate the highest common factor of 14756408 and 1258.
34
Calcu